34 = 5*k, 4*k + 3*m = -0*m + 7785. Suppose -z = 3*h - 16397, 4*h + 3*z - 23818 + k = 0. Is (h/(-20) - -3)*-5 prime?
False
Suppose -q - 91 = 86. Let u be 1 + -2 + (-13 - (11 - 26)). Is (q/u)/((-12)/20) a composite number?
True
Let b be 9/(-6) - 166/(-4). Let u = b - -235. Suppose n + u = o, 2*o + n = 60 + 499. Is o composite?
True
Suppose -5*j = -4*b + 1736473, -j + 1302312 = 104*b - 101*b. Is b prime?
True
Suppose 67*y - 11851538 = 9745443. Is y composite?
True
Let l(y) = -y - 13. Let o be l(13). Let t be (-4)/o - (-120399)/(-39). Let r = -1430 - t. Is r prime?
True
Let j = 22 - 15. Suppose -j*o = 97 + 29. Is (-1590)/o*(0 - -3) composite?
True
Suppose -5*z + 24295 = 4*d, 14*z = 4*d + 10*z - 24268. Let g = d - 2673. Is g a prime number?
False
Suppose -712536 = -3*i + 3*c, i - 137880 = 3*c + 99638. Is i a composite number?
False
Suppose 35*d - 854116 - 5472099 = 0. Is d composite?
False
Suppose -319 = x - 3*k - 3803, 3*x - 3*k = 10446. Let d = x - -6286. Is d a composite number?
False
Suppose -99 - 963 = -9*y. Suppose 0*a = -a + l - y, 4*l = -2*a - 266. Let k = a - -200. Is k composite?
True
Let z = -502 - -538. Let x(s) = 10*s**2 + 44*s - 401. Is x(z) composite?
False
Suppose -11*y = 80*y - 25*y - 20684202. Is y composite?
True
Let v(s) = 6 + 2 - 104*s + 103*s. Let n be v(5). Suppose 0*m + 2*m + 1817 = 5*z, -3*m = -n*z + 1083. Is z prime?
False
Let d = 54 - 19. Let s be -2 - 32/(-14) - 45615/d. Let o = s + 2054. Is o prime?
True
Let i(m) = 113*m + 29. Let a be i(-11). Let h = -2252 + 4335. Let v = a + h. Is v prime?
False
Let c = 217030 + -113693. Is c a prime number?
False
Is (4908715/(-10))/1*(3 - (-3 - -8)) composite?
True
Let o = 113740 - 13509. Is o composite?
True
Let k(w) be the first derivative of w**3/3 + 4*w**2 - w - 142. Is k(-18) prime?
True
Let z = -312 - -322. Suppose 143625 - 11395 = z*k. Is k prime?
False
Let m(k) = 143*k**2 + 44*k + 800. Is m(53) a prime number?
True
Let r(t) = t**2 + 4*t + 4. Let n be r(-1). Let w(l) = l - 1. Let u(x) = 121*x - 14. Let o(c) = n*u(c) + 3*w(c). Is o(15) composite?
True
Let d = 33 + -26. Let m(h) = 3*h**2 - 10*h + 3. Let o be m(d). Suppose 3*z + o - 959 = 0. Is z prime?
True
Let t(u) be the first derivative of -u**4/4 - u**3/3 - 7*u**2/2 + 6*u + 6. Let g be t(11). Let y = g - -3844. Is y a prime number?
False
Let s = 217 + -130. Let w = 218 - s. Is w a prime number?
True
Let d be -15 - (1 + (-6)/6). Is 5630 - (2 - d/3) a prime number?
True
Let m(w) = w**2 + 14*w - 33. Let a be m(-16). Let z(h) = -599*h - 26. Is z(a) prime?
False
Is 7952038/10 - (-3 + (7/(-35) - -4)) prime?
True
Suppose 6 = -4*x - 2*s, 1 = -2*x - 0*x - 3*s. Is 4 - (-993 - (x + 2)) prime?
True
Let z = -55 - -44. Is (-21437)/z - 30/(-165) composite?
False
Suppose 106*s = -163*s - 57*s + 127895342. Is s composite?
True
Let s = 6575 + 57446. Is s a prime number?
False
Let t(y) = y**2 - 32. Let o be t(-6). Is ((-2078)/3)/(o/(-6)) a prime number?
True
Suppose 5*u - 5*j - 30 = 0, 0 = 5*u - 5*j + 6*j - 36. Suppose -2546 - 15871 = -u*y. Is y a prime number?
False
Let u(f) = 154*f**2 + 7*f - 20. Let k be u(3). Let i = k - -9461. Let d = -6941 + i. Is d a prime number?
True
Suppose 319*z - 60137495 = 142808072. Is z a composite number?
False
Suppose 0 = b + s - 278175, b = 5*b - 3*s - 1112749. Is b a composite number?
True
Suppose l = 4*u - 18897, 0 = l - 0*l - 3. Let m = u + -3326. Is m a prime number?
True
Suppose -u + 4*f - 2 - 7 = 0, -5*u - 2*f = -21. Suppose 5*o - 12 = -u*j + 14, 0 = 3*o - 12. Is j + (1650 - 1 - -4) prime?
False
Let b = -32 - -34. Let o(i) = 174*i**2 - 3 - 3*i + 68*i**2 - 19*i**b + 6. Is o(2) a composite number?
True
Suppose -12*k + 165 + 63 = 0. Suppose 3*o + 5 = -5*c + k, -4*o - 2*c + 14 = 0. Suppose -o*d - b + 2369 = -5*b, -4*b = 3*d - 2353. Is d a composite number?
False
Let i(m) = 30*m**2 - 176*m - 235. Is i(-25) prime?
False
Suppose 0 = -41*k + 829840 + 1393057. Is k a composite number?
False
Suppose 0 = -6*i + 8258 - 14. Let h be ((-24)/36)/((-4)/i). Let u = h - 146. Is u a composite number?
False
Suppose 5*v = 5*d - 6800, -3*d + 4078 = -4*v - 0*v. Suppose a - 4*q - d = 0, 5 - 2 = 3*q. Suppose -2*l + 4*l - a = 0. Is l a prime number?
True
Suppose 2*z - 41 = 9. Suppose 2*v + 46621 = z*v. Is v prime?
True
Let d = 1 - -1. Suppose -2072 = -a - a + 3*t, 0 = -3*a - 4*t + 3108. Suppose a = 2*y + d*y. Is y a composite number?
True
Let j be 0 + 2 - (1 + 3291 + 2). Let f = j + 2214. Let s = -216 - f. Is s a prime number?
False
Let a(g) = 1. Let t(u) = 2580*u + 141. Let k(y) = 2*a(y) - t(y). Is k(-5) composite?
True
Suppose 3*k - 299*l = -300*l + 726678, 4*l + 726693 = 3*k. Is k a prime number?
True
Let h(k) = 123*k + 3*k**2 - 56*k - 97 + 3 - 53*k. Is h(27) composite?
True
Let w(v) = -468*v - 1. Let f(m) = 2*m - 3*m + 0*m + 1. Let i(k) = 3*f(k) - w(k). Is i(3) a prime number?
True
Suppose -2*p + 2844 = -3*w, 1073 + 3193 = 3*p + w. Suppose 5*s - p = 473. Is s a prime number?
True
Let z be ((-12)/9)/(-1 + 10697/10698). Suppose 0 = 13*j - 5*j - z. Is j prime?
True
Suppose -5*t - 12370 + 2827 = -4*l, 11938 = 5*l + 3*t. Suppose 3*a - 5*c - 4779 = -a, l = 2*a - 3*c. Is a a composite number?
False
Let p = 695 - 489. Suppose 3*s - 15 + 3 = 0, v - 173 = 3*s. Suppose -p = -k + v. Is k a composite number?
True
Let s(g) = -g**3 - 11*g**2 - 43*g - 111. Is s(-26) composite?
True
Suppose 0 = -4*y - 8, -q - 62 - 17 = y. Is (-2)/7 + (-19965)/q a composite number?
True
Suppose 5*h + r - 6197 = 5*r, -3*h - r = -3725. Suppose 522*b - 7800 = 263*b + 255*b. Let f = b - h. Is f a prime number?
True
Suppose 0 = -4*m - 5*i + 17, -m + 6*m + 4*i - 19 = 0. Is (296/(-24))/(m/(-873)) composite?
True
Suppose 3*a = -a + 16. Let s be 60/(-3 - -5)*154/a. Let z = s - 164. Is z a composite number?
False
Suppose 0 = -v - 3*f + 9 - 2, 2*v = 5*f + 3. Suppose 3*i - 17277 = -v*t, -2*i + 774 = 4*t - 10748. Is i a composite number?
True
Let p(z) = 44*z - 6. Let t be p(1). Suppose -x - 9 = 3*u, 5*x + 4*u + t - 4 = 0. Let o(d) = 4*d**2 - d + 11. Is o(x) a prime number?
False
Let b = 45913 + 7750. Is b composite?
True
Let x = 682 - -6986. Let a = x + -3542. Is a a composite number?
True
Let n be ((-3792)/40)/(6/(-40)). Let g = 409 - 159. Let f = n - g. Is f a composite number?
True
Let a be -2 + (-74)/(-4) + (-2)/4. Suppose -4*x + 16693 = b + 3174, 0 = -4*x - a. Is b a composite number?
True
Is -5 - (-4)/6*(7 + -16 - -571380) a prime number?
True
Suppose -3*b + 1971 = 3*w, 3*b = 4*w + 810 - 3466. Let f(i) = -i**2 + 8*i - 10. Let k be f(6). Suppose k*a = h + 492, -3*a + 90 = 5*h - w. Is a composite?
True
Suppose -18272601 + 2700357 = -12*f. Is f a composite number?
False
Let u be (-9 - -1)*36/16. Let m be (64/(-144))/(4/u). Is (-1 + 84)*(m + -1) prime?
True
Let o = -30635 + 55894. Suppose o = -k + 14*k. Is k composite?
True
Let g = 4321 + -6707. Is (5 - (-11)/(-2))*g composite?
False
Suppose -b = -6*c + 4*c + 233162, 5*b + 349757 = 3*c. Is c a composite number?
False
Let z(q) = 9684*q**3 + 5*q**2 - 19*q + 17. Is z(2) a composite number?
False
Is -1*(1 - -3)*534728/(-32) a composite number?
False
Let x be (21 + -7)/(-2*4/(-192)). Suppose 4*o = 16028 + x. Is o composite?
False
Let x(j) = 192*j**3 + 2*j**2 + 5*j - 11. Let b be 3/(30/20) - (1 - 1). Is x(b) prime?
True
Suppose -x + 3*x = 12*x - 70. Suppose -2188 = 2*q - 19508. Suppose -q = -x*a + 3*a. Is a prime?
False
Let x(n) = 253*n**2 - 16. Let q(f) = f**2 - f - 9. Let h be q(0). Is x(h) a prime number?
True
Let a = -32 + 22. Is (-1 - (a - -6))/((-6)/(-27502)) composite?
False
Suppose -2*v = -17*z + 18*z - 24, -5*v = -4*z + 31. Suppose z*o = -107522 + 305020. Is o composite?
False
Let h(p) = 61*p - 260. Let b be h(-22). Let i = b + 3041. Is i prime?
True
Let f be 31889/78 + 0 + 1/6. Suppose 0 = -7*u + 60 + f. Suppose 3*m - z - 87 = 114, u = m - 2*z. Is m a composite number?
False
Let k(w) = 18060*w**3 - 2*w**2 + 2*w - 1. Let n(s) = -s**3 - 15*s**2 - 14*s + 1. Let a be n(-14). Is k(a) a prime number?
True
Suppose -39*w = -28*w - 1199. Suppose w*q - 188 = 107*q. Is q composite?
True
Let o be (1 + 1)*(71 - 378). Is ((-119)/(-14) + -9)*o composite?
False
Suppose 6*y - 290 = 2*y + 6*y. Suppose -4*c + f = -1019, -2*c - 2*f = -0*f - 522. Let d = c - y. Is d a prime number?
True
Let c(k) = k + 3. Let q be c(5). Let h(x) = -